{"id":170,"date":"2024-03-13T12:16:00","date_gmt":"2024-03-13T12:16:00","guid":{"rendered":"https:\/\/legalved.hu\/?page_id=170"},"modified":"2024-03-13T12:16:03","modified_gmt":"2024-03-13T12:16:03","slug":"jogi-nyilatkozat","status":"publish","type":"page","link":"https:\/\/legalved.hu\/index.php\/jogi-nyilatkozat\/","title":{"rendered":"Jogi nyilatkozat"},"content":{"rendered":"<p>[et_pb_section fb_built=&#8221;1&#8243; admin_label=&#8221;section&#8221; _builder_version=&#8221;4.24.2&#8243; background_color=&#8221;#575756&#8243; global_colors_info=&#8221;{}&#8221;][et_pb_row admin_label=&#8221;row&#8221; _builder_version=&#8221;4.24.2&#8243; background_size=&#8221;initial&#8221; background_position=&#8221;top_left&#8221; background_repeat=&#8221;repeat&#8221; width_tablet=&#8221;&#8221; width_phone=&#8221;90%&#8221; width_last_edited=&#8221;on|phone&#8221; custom_padding=&#8221;0px||||false|false&#8221; global_colors_info=&#8221;{}&#8221;][et_pb_column type=&#8221;4_4&#8243; _builder_version=&#8221;4.16&#8243; custom_padding=&#8221;|||&#8221; global_colors_info=&#8221;{}&#8221; custom_padding__hover=&#8221;|||&#8221;][et_pb_text _builder_version=&#8221;4.24.2&#8243; _module_preset=&#8221;default&#8221; header_2_font=&#8221;|800|||||||&#8221; header_2_text_align=&#8221;left&#8221; header_2_font_size=&#8221;40px&#8221; header_2_line_height=&#8221;1.5em&#8221; custom_margin=&#8221;||7px|||&#8221; hover_enabled=&#8221;0&#8243; header_2_font_size_tablet=&#8221;&#8221; header_2_font_size_phone=&#8221;33px&#8221; header_2_font_size_last_edited=&#8221;on|tablet&#8221; global_colors_info=&#8221;{}&#8221; sticky_enabled=&#8221;0&#8243;]<\/p>\n<h2>Jogi nyilatkozat<\/h2>\n<p>[\/et_pb_text][et_pb_text admin_label=&#8221;Text&#8221; _builder_version=&#8221;4.24.2&#8243; background_size=&#8221;initial&#8221; background_position=&#8221;top_left&#8221; background_repeat=&#8221;repeat&#8221; hover_enabled=&#8221;0&#8243; global_colors_info=&#8221;{}&#8221; sticky_enabled=&#8221;0&#8243;]A legalved.hu, mint weboldal szerz\u0151i jogi m\u0171nek min\u0151s\u00fcl, tilos a legalved.hu  weboldalon megjelen\u0151 tartalmak vagy azok b\u00e1rmely r\u00e9szlet\u00e9nek let\u00f6lt\u00e9se (t\u00f6bbsz\u00f6r\u00f6z\u00e9se), \u00fajra nyilv\u00e1noss\u00e1ghoz t\u00f6rt\u00e9n\u0151 k\u00f6zvet\u00edt\u00e9se, m\u00e1s m\u00f3don val\u00f3 felhaszn\u00e1l\u00e1sa, elektronikus t\u00e1rol\u00e1sa, feldolgoz\u00e1sa \u00e9s \u00e9rt\u00e9kes\u00edt\u00e9se a Szolg\u00e1ltat\u00f3 \u00edr\u00e1sos hozz\u00e1j\u00e1rul\u00e1sa n\u00e9lk\u00fcl.<\/p>\n<p>A legalved.hu weboldalr\u00f3l \u00e9s annak adatb\u00e1zis\u00e1b\u00f3l b\u00e1rmilyen anyagot \u00e1tvenni \u00edr\u00e1sos hozz\u00e1j\u00e1rul\u00e1s eset\u00e9n is csak az adott weboldalra val\u00f3 hivatkoz\u00e1ssal lehet.<\/p>\n<p>A Szolg\u00e1ltat\u00f3 fenntartja minden jog\u00e1t szolg\u00e1ltat\u00e1s\u00e1nak valamennyi elem\u00e9re, a domain-neveire.<\/p>\n<p>Tilos a legalved.hu weboldal tartalm\u00e1nak, illetve egyes r\u00e9szeinek adapt\u00e1ci\u00f3ja vagy visszafejt\u00e9se; a felhaszn\u00e1l\u00f3i azonos\u00edt\u00f3k \u00e9s jelszavak tisztess\u00e9gtelen m\u00f3don t\u00f6rt\u00e9n\u0151 l\u00e9tes\u00edt\u00e9se; b\u00e1rmely olyan alkalmaz\u00e1s haszn\u00e1lata, amellyel a legalved.hu weboldalon vagy azok b\u00e1rmely r\u00e9sze m\u00f3dos\u00edthat\u00f3 vagy indexelhet\u0151.<\/p>\n<p>A legalved.hu n\u00e9v szerz\u0151i jogi v\u00e9delmet \u00e9lvez, felhaszn\u00e1l\u00e1sa a hivatkoz\u00e1s kiv\u00e9tel\u00e9vel kiz\u00e1r\u00f3lag a Szolg\u00e1ltat\u00f3 \u00edr\u00e1sos hozz\u00e1j\u00e1rul\u00e1s\u00e1val lehets\u00e9ges.<\/p>\n<p>A Felhaszn\u00e1l\u00f3 tudom\u00e1sul veszi, hogy a felhaszn\u00e1l\u00e1si enged\u00e9ly n\u00e9lk\u00fcli felhaszn\u00e1l\u00e1s eset\u00e9n Szolg\u00e1ltat\u00f3t k\u00f6tb\u00e9r illeti meg. A k\u00f6tb\u00e9r \u00f6sszege k\u00e9penk\u00e9nt brutt\u00f3 40.000 Ft, illetve szavank\u00e9nt brutt\u00f3 5.000 Ft. Felhaszn\u00e1l\u00f3 tudom\u00e1sul veszi, hogy ezen k\u00f6tb\u00e9rkik\u00f6t\u00e9s nem t\u00falz\u00f3, \u00e9s ennek tudat\u00e1ban b\u00f6ng\u00e9szi az oldalt. A szerz\u0151i jogi jogs\u00e9rt\u00e9s eset\u00e9n Szolg\u00e1ltat\u00f3 k\u00f6zjegyz\u0151i t\u00e9nytan\u00fas\u00edt\u00e1st alkalmaz, melynek \u00f6sszeg\u00e9t szint\u00e9n a jogs\u00e9rt\u0151 felhaszn\u00e1l\u00f3ra h\u00e1r\u00edtja.[\/et_pb_text][\/et_pb_column][\/et_pb_row][\/et_pb_section]<\/p>\n","protected":false},"excerpt":{"rendered":"<p>Jogi nyilatkozatA legalved.hu, mint weboldal szerz\u0151i jogi m\u0171nek min\u0151s\u00fcl, tilos a legalved.hu weboldalon megjelen\u0151 tartalmak vagy azok b\u00e1rmely r\u00e9szlet\u00e9nek let\u00f6lt\u00e9se (t\u00f6bbsz\u00f6r\u00f6z\u00e9se), \u00fajra nyilv\u00e1noss\u00e1ghoz t\u00f6rt\u00e9n\u0151 k\u00f6zvet\u00edt\u00e9se, m\u00e1s m\u00f3don val\u00f3 felhaszn\u00e1l\u00e1sa, elektronikus t\u00e1rol\u00e1sa, feldolgoz\u00e1sa \u00e9s \u00e9rt\u00e9kes\u00edt\u00e9se a Szolg\u00e1ltat\u00f3 \u00edr\u00e1sos hozz\u00e1j\u00e1rul\u00e1sa n\u00e9lk\u00fcl. A legalved.hu weboldalr\u00f3l \u00e9s annak adatb\u00e1zis\u00e1b\u00f3l b\u00e1rmilyen anyagot \u00e1tvenni \u00edr\u00e1sos hozz\u00e1j\u00e1rul\u00e1s eset\u00e9n is csak az adott [&hellip;]<\/p>\n","protected":false},"author":1,"featured_media":0,"parent":0,"menu_order":0,"comment_status":"closed","ping_status":"closed","template":"","meta":{"_et_pb_use_builder":"on","_et_pb_old_content":"N\u00e9v: Legal V\u00e9d Kft.\r\nK\u00e9pviseli: Dr. B\u00e1konyi L\u00e1szl\u00f3 - \u00dcgyvezet\u0151 igazgat\u00f3\r\nSz\u00e9khely: 4028 Debrecen, Ajt\u00f3 u. 25.\r\nTelephely: 4100 Beretty\u00f3\u00fajfalu, Kossuth u. 29.\r\nAd\u00f3sz\u00e1m: 32104567-2-09\r\nC\u00e9gjegyz\u00e9ksz\u00e1m: 09-09-034461\r\nBanksz\u00e1mlasz\u00e1m: 11600006-00000000-99749866\r\nE-mail c\u00edm: iroda@legalved.hu\r\n\r\n","_et_gb_content_width":"","footnotes":""},"class_list":["post-170","page","type-page","status-publish","hentry"],"yoast_head":"<!-- This site is optimized with the Yoast SEO plugin v26.3 - https:\/\/yoast.com\/wordpress\/plugins\/seo\/ -->\n<title>Jogi nyilatkozat - Legal V\u00e9d Kft.<\/title>\n<meta name=\"robots\" content=\"index, follow, max-snippet:-1, max-image-preview:large, max-video-preview:-1\" \/>\n<link rel=\"canonical\" href=\"https:\/\/legalved.hu\/index.php\/jogi-nyilatkozat\/\" \/>\n<meta property=\"og:locale\" content=\"hu_HU\" \/>\n<meta property=\"og:type\" content=\"article\" \/>\n<meta property=\"og:title\" content=\"Jogi nyilatkozat - Legal V\u00e9d Kft.\" \/>\n<meta property=\"og:description\" content=\"Jogi nyilatkozatA legalved.hu, mint weboldal szerz\u0151i jogi m\u0171nek min\u0151s\u00fcl, tilos a legalved.hu weboldalon megjelen\u0151 tartalmak vagy azok b\u00e1rmely r\u00e9szlet\u00e9nek let\u00f6lt\u00e9se (t\u00f6bbsz\u00f6r\u00f6z\u00e9se), \u00fajra nyilv\u00e1noss\u00e1ghoz t\u00f6rt\u00e9n\u0151 k\u00f6zvet\u00edt\u00e9se, m\u00e1s m\u00f3don val\u00f3 felhaszn\u00e1l\u00e1sa, elektronikus t\u00e1rol\u00e1sa, feldolgoz\u00e1sa \u00e9s \u00e9rt\u00e9kes\u00edt\u00e9se a Szolg\u00e1ltat\u00f3 \u00edr\u00e1sos hozz\u00e1j\u00e1rul\u00e1sa n\u00e9lk\u00fcl. A legalved.hu weboldalr\u00f3l \u00e9s annak adatb\u00e1zis\u00e1b\u00f3l b\u00e1rmilyen anyagot \u00e1tvenni \u00edr\u00e1sos hozz\u00e1j\u00e1rul\u00e1s eset\u00e9n is csak az adott [&hellip;]\" \/>\n<meta property=\"og:url\" content=\"https:\/\/legalved.hu\/index.php\/jogi-nyilatkozat\/\" \/>\n<meta property=\"og:site_name\" content=\"Legal V\u00e9d Kft.\" \/>\n<meta property=\"article:modified_time\" content=\"2024-03-13T12:16:03+00:00\" \/>\n<meta name=\"twitter:card\" content=\"summary_large_image\" \/>\n<meta name=\"twitter:label1\" content=\"Becs\u00fclt olvas\u00e1si id\u0151\" \/>\n\t<meta name=\"twitter:data1\" content=\"1 perc\" \/>\n<script type=\"application\/ld+json\" class=\"yoast-schema-graph\">{\"@context\":\"https:\/\/schema.org\",\"@graph\":[{\"@type\":\"WebPage\",\"@id\":\"https:\/\/legalved.hu\/index.php\/jogi-nyilatkozat\/\",\"url\":\"https:\/\/legalved.hu\/index.php\/jogi-nyilatkozat\/\",\"name\":\"Jogi nyilatkozat - Legal V\u00e9d Kft.\",\"isPartOf\":{\"@id\":\"https:\/\/legalved.hu\/#website\"},\"datePublished\":\"2024-03-13T12:16:00+00:00\",\"dateModified\":\"2024-03-13T12:16:03+00:00\",\"breadcrumb\":{\"@id\":\"https:\/\/legalved.hu\/index.php\/jogi-nyilatkozat\/#breadcrumb\"},\"inLanguage\":\"hu\",\"potentialAction\":[{\"@type\":\"ReadAction\",\"target\":[\"https:\/\/legalved.hu\/index.php\/jogi-nyilatkozat\/\"]}]},{\"@type\":\"BreadcrumbList\",\"@id\":\"https:\/\/legalved.hu\/index.php\/jogi-nyilatkozat\/#breadcrumb\",\"itemListElement\":[{\"@type\":\"ListItem\",\"position\":1,\"name\":\"Kezd\u0151lap\",\"item\":\"https:\/\/legalved.hu\/\"},{\"@type\":\"ListItem\",\"position\":2,\"name\":\"Jogi nyilatkozat\"}]},{\"@type\":\"WebSite\",\"@id\":\"https:\/\/legalved.hu\/#website\",\"url\":\"https:\/\/legalved.hu\/\",\"name\":\"Legal V\u00e9d Kft.\",\"description\":\"0-24 \u00f3r\u00e1s t\u00e1vfel\u00fcgyelet; \u00e9l\u0151er\u0151s \u0151rz\u00e9s \u00e9s vagyonv\u00e9delem; biztons\u00e1gtechnika\",\"potentialAction\":[{\"@type\":\"SearchAction\",\"target\":{\"@type\":\"EntryPoint\",\"urlTemplate\":\"https:\/\/legalved.hu\/?s={search_term_string}\"},\"query-input\":{\"@type\":\"PropertyValueSpecification\",\"valueRequired\":true,\"valueName\":\"search_term_string\"}}],\"inLanguage\":\"hu\"}]}<\/script>\n<!-- \/ Yoast SEO plugin. -->","yoast_head_json":{"title":"Jogi nyilatkozat - Legal V\u00e9d Kft.","robots":{"index":"index","follow":"follow","max-snippet":"max-snippet:-1","max-image-preview":"max-image-preview:large","max-video-preview":"max-video-preview:-1"},"canonical":"https:\/\/legalved.hu\/index.php\/jogi-nyilatkozat\/","og_locale":"hu_HU","og_type":"article","og_title":"Jogi nyilatkozat - Legal V\u00e9d Kft.","og_description":"Jogi nyilatkozatA legalved.hu, mint weboldal szerz\u0151i jogi m\u0171nek min\u0151s\u00fcl, tilos a legalved.hu weboldalon megjelen\u0151 tartalmak vagy azok b\u00e1rmely r\u00e9szlet\u00e9nek let\u00f6lt\u00e9se (t\u00f6bbsz\u00f6r\u00f6z\u00e9se), \u00fajra nyilv\u00e1noss\u00e1ghoz t\u00f6rt\u00e9n\u0151 k\u00f6zvet\u00edt\u00e9se, m\u00e1s m\u00f3don val\u00f3 felhaszn\u00e1l\u00e1sa, elektronikus t\u00e1rol\u00e1sa, feldolgoz\u00e1sa \u00e9s \u00e9rt\u00e9kes\u00edt\u00e9se a Szolg\u00e1ltat\u00f3 \u00edr\u00e1sos hozz\u00e1j\u00e1rul\u00e1sa n\u00e9lk\u00fcl. A legalved.hu weboldalr\u00f3l \u00e9s annak adatb\u00e1zis\u00e1b\u00f3l b\u00e1rmilyen anyagot \u00e1tvenni \u00edr\u00e1sos hozz\u00e1j\u00e1rul\u00e1s eset\u00e9n is csak az adott [&hellip;]","og_url":"https:\/\/legalved.hu\/index.php\/jogi-nyilatkozat\/","og_site_name":"Legal V\u00e9d Kft.","article_modified_time":"2024-03-13T12:16:03+00:00","twitter_card":"summary_large_image","twitter_misc":{"Becs\u00fclt olvas\u00e1si id\u0151":"1 perc"},"schema":{"@context":"https:\/\/schema.org","@graph":[{"@type":"WebPage","@id":"https:\/\/legalved.hu\/index.php\/jogi-nyilatkozat\/","url":"https:\/\/legalved.hu\/index.php\/jogi-nyilatkozat\/","name":"Jogi nyilatkozat - Legal V\u00e9d Kft.","isPartOf":{"@id":"https:\/\/legalved.hu\/#website"},"datePublished":"2024-03-13T12:16:00+00:00","dateModified":"2024-03-13T12:16:03+00:00","breadcrumb":{"@id":"https:\/\/legalved.hu\/index.php\/jogi-nyilatkozat\/#breadcrumb"},"inLanguage":"hu","potentialAction":[{"@type":"ReadAction","target":["https:\/\/legalved.hu\/index.php\/jogi-nyilatkozat\/"]}]},{"@type":"BreadcrumbList","@id":"https:\/\/legalved.hu\/index.php\/jogi-nyilatkozat\/#breadcrumb","itemListElement":[{"@type":"ListItem","position":1,"name":"Kezd\u0151lap","item":"https:\/\/legalved.hu\/"},{"@type":"ListItem","position":2,"name":"Jogi nyilatkozat"}]},{"@type":"WebSite","@id":"https:\/\/legalved.hu\/#website","url":"https:\/\/legalved.hu\/","name":"Legal V\u00e9d Kft.","description":"0-24 \u00f3r\u00e1s t\u00e1vfel\u00fcgyelet; \u00e9l\u0151er\u0151s \u0151rz\u00e9s \u00e9s vagyonv\u00e9delem; biztons\u00e1gtechnika","potentialAction":[{"@type":"SearchAction","target":{"@type":"EntryPoint","urlTemplate":"https:\/\/legalved.hu\/?s={search_term_string}"},"query-input":{"@type":"PropertyValueSpecification","valueRequired":true,"valueName":"search_term_string"}}],"inLanguage":"hu"}]}},"_links":{"self":[{"href":"https:\/\/legalved.hu\/index.php\/wp-json\/wp\/v2\/pages\/170","targetHints":{"allow":["GET"]}}],"collection":[{"href":"https:\/\/legalved.hu\/index.php\/wp-json\/wp\/v2\/pages"}],"about":[{"href":"https:\/\/legalved.hu\/index.php\/wp-json\/wp\/v2\/types\/page"}],"author":[{"embeddable":true,"href":"https:\/\/legalved.hu\/index.php\/wp-json\/wp\/v2\/users\/1"}],"replies":[{"embeddable":true,"href":"https:\/\/legalved.hu\/index.php\/wp-json\/wp\/v2\/comments?post=170"}],"version-history":[{"count":2,"href":"https:\/\/legalved.hu\/index.php\/wp-json\/wp\/v2\/pages\/170\/revisions"}],"predecessor-version":[{"id":172,"href":"https:\/\/legalved.hu\/index.php\/wp-json\/wp\/v2\/pages\/170\/revisions\/172"}],"wp:attachment":[{"href":"https:\/\/legalved.hu\/index.php\/wp-json\/wp\/v2\/media?parent=170"}],"curies":[{"name":"wp","href":"https:\/\/api.w.org\/{rel}","templated":true}]}}